*3/6 - 2*s**2. Let b be (-2 - 8)*(-4)/(-10). Is j(b) a prime number?
True
Let l(c) = c**2 - 2*c - 6. Let p be l(5). Let m = p - 7. Suppose 25 + 81 = m*h. Is h composite?
False
Let l(t) = -t**2 - 6*t + 6. Let b be l(-6). Suppose 3*x = 6 + b. Suppose -r + x*r - 153 = 0. Is r composite?
True
Suppose -4*n + 581 + 63 = 0. Is n a prime number?
False
Suppose 92*x - 10913 = 85*x. Is x composite?
False
Let b = 59 + -22. Is b prime?
True
Suppose -2*m - 12 = -2*c, -5*c + 16 = -2*m - 2*c. Is 3453/(-9)*6/m a composite number?
False
Is (147/(-2))/(21/(-364)) - 3 prime?
False
Suppose 3*h + 4*s = -13, 3*h + 2*h - 17 = 3*s. Let z(f) = 8*f - 2. Let d(n) = 15*n - 5. Let w(u) = -2*d(u) + 5*z(u). Is w(h) a prime number?
False
Is (-4)/(-6)*186/4 composite?
False
Is -2*2/4 - -80 a composite number?
False
Let a(j) = -5*j - 8. Let c(d) = -d**3 - 5*d**2 + 2*d + 4. Let o be c(-5). Is a(o) a prime number?
False
Let b(y) = 10*y**3 - 9*y**2 - 5*y - 15. Is b(7) prime?
True
Let l(n) = -n - 1. Let k be l(-1). Suppose k = 8*x - 11*x + 63. Is x composite?
True
Let u = -5 + 4. Let c be ((-3)/6)/(u/6). Suppose 0 = 2*d + 2*k - 6*k - 18, -c*d - 3*k + 72 = 0. Is d prime?
True
Let i(o) = 2*o**3 - 11*o**2 + 6*o - 2. Let z be i(5). Suppose -3*b + 2*b + 764 = 0. Suppose z*f - b = -f. Is f composite?
False
Suppose -5*j + 7 + 18 = 0. Suppose -4*t + 2*g - 3 = 3*g, 15 = -j*t - 5*g. Let k(d) = d**2 + 26. Is k(t) a prime number?
False
Let o = 1199 + 60. Is o composite?
False
Suppose 0 = -5*b - 2*s + 436, -5*s - 21 = -b + 50. Is b a composite number?
True
Let y = 8701 + -5658. Is y composite?
True
Suppose 0 = 3*u + 3*r + 110 - 503, u = 2*r + 131. Is u a composite number?
False
Let k(a) = -30*a - 71. Is k(-18) prime?
False
Is ((-40028)/10)/((-66)/(-10) - 7) prime?
True
Let i be 1*-11 - (-4 + 2). Let y be ((-3)/2)/(4/(-16)). Is i/y*(-268)/6 a composite number?
False
Suppose -146 = -3*s + 127. Is s a prime number?
False
Let h(y) = -9*y - 2. Let a be h(-3). Suppose a + 450 = c. Suppose -3*j + 297 = -3*r, 5*j + 3*r - c = -2*r. Is j composite?
False
Let v(y) = -3*y - 3. Let j be v(-2). Suppose k = -j*k + 124. Is k composite?
False
Suppose 0 = -3*s + 2*z + 135 - 34, -73 = -3*s - 5*z. Is s prime?
True
Suppose 0 = 4*o + 5*n + 271, -94 = o - 0*n - 4*n. Let b = o - -279. Is b composite?
True
Let k(c) = 18*c + 5. Suppose -4*z + 16 = 0, 4*z = 2*p + p - 14. Is k(p) composite?
True
Let c be (0/2 + 1)*1. Let p be c*165*1*1. Suppose v = 3*k + 62, 3*v + 2*k = 4*k + p. Is v composite?
False
Let l(z) = -z**3 - 10*z**2 - 4*z + 11. Let i be l(-10). Suppose -4*h - i = -c, -c - 2*h + h = -61. Is c composite?
False
Let x(z) = -z. Let b(v) = v**2 + 6*v + 1. Let p(o) = b(o) + 6*x(o). Let s be p(-2). Suppose s*h + 162 = 4*k, h - 36 = -2*k + 38. Is k prime?
False
Let n = -8 + 11. Suppose -t = n*t - 424. Is t a prime number?
False
Let n(k) = 2*k + 13. Let z = 13 - 2. Is n(z) prime?
False
Suppose 25 = 2*x + 3*x. Suppose x*f - 455 - 340 = 0. Suppose 4*p - 4*l = 268, l + f = 4*p - 109. Is p a prime number?
True
Suppose q - 5*q = -24. Suppose h - 66 = -k + q*h, -3*h + 288 = 3*k. Is k a prime number?
False
Let i be 3 + -5*(-8)/20. Suppose 6*j - i*q = j + 375, 83 = j + q. Is j a prime number?
True
Suppose -1175 = -j + 388. Is j prime?
False
Suppose g - 4*g = -153. Suppose -26 = -s + g. Is s a prime number?
False
Let u = 250 - 111. Is u a prime number?
True
Suppose a = -2*a - 72. Let v = 47 + a. Is v a composite number?
False
Suppose -5 = -5*d + 15. Let v = d - -6. Is v a prime number?
False
Let j(l) = -l**3 + 5*l**2 + 6*l - 2. Let b be j(6). Let a = 2 - b. Suppose a*x - 49 = 267. Is x composite?
False
Let l be -2 + -2 + 1 + 7. Suppose -955 = -9*q + l*q. Is q composite?
False
Let x = 483 + -257. Is x a prime number?
False
Let i(o) = -o**2 + 4*o + 3. Let d be i(4). Let a be 2 - 0*(-1)/d. Suppose 0 = h - a*h + 22. Is h composite?
True
Let l(z) = 52*z**3 - 2*z - 1. Let w be (-2)/10 + 8/(-10). Let r be l(w). Let h = 268 + r. Is h composite?
True
Is (-2272)/(-3) + 24/36 a prime number?
False
Suppose -3*f - 2 - 7 = 0. Is f - 58/(2 + -3) prime?
False
Let m(r) be the third derivative of -r**6/120 + r**5/10 - r**4/6 + 5*r**3/6 + 8*r**2. Let j = 14 - 10. Is m(j) a prime number?
False
Let a(d) = -d**3 + 7*d**2 - 2*d - 17. Is a(-8) prime?
False
Let p = 36 - -41. Is p composite?
True
Let q(s) = 2*s**3 + 3*s**2 - 3*s. Let p(y) = 3*y**3 + 7*y**2 - 6*y - 1. Let f(n) = -3*p(n) + 7*q(n). Is f(2) prime?
True
Let n be 1507/2 - 1/2. Suppose 4*v - n = -229. Is v composite?
False
Suppose 4*u + u - 4*g + 414 = 0, -156 = 2*u - 4*g. Let k be u/(-18) + 2/9. Suppose -k*y + 236 = -y. Is y a prime number?
True
Suppose -p = -295 - 150. Is p a prime number?
False
Let c = 7 - -29. Suppose z = -3*y + 14 + 2, -5*z = 4*y - c. Suppose -x - 3 = j - 10, z*j + 3*x = 31. Is j a composite number?
True
Is (-62)/(6/68*(-8)/6) a composite number?
True
Suppose 4*m - 144 = w, -m = -4*m - 4*w + 89. Is m composite?
True
Let d be (-25)/5*(0 - 1). Suppose p = -i + d*p + 95, 5*p + 20 = 0. Is i a prime number?
True
Let j = 85 + -48. Is j prime?
True
Let s(j) = j**3 - 4*j**2 - 4*j - 3. Let a be s(5). Suppose 0 = -v - a*v + 987. Is v a prime number?
False
Let m(p) = p + 1. Let n be m(-1). Suppose 2*g - 286 = -n*g. Is g prime?
False
Suppose w - 3*w = -2, 346 = 5*v + w. Is v composite?
True
Let l(s) = s**3 + 6*s**2 - 6*s + 10. Let y be (-1)/(-3) + (-1)/3. Suppose d + 4 + 3 = y. Is l(d) a prime number?
True
Let j = -14 + 26. Let r = j - 32. Let f = 41 + r. Is f composite?
True
Let u(c) = -5*c - 4. Let m be u(-3). Let y = m - -11. Is y a composite number?
True
Let l(r) be the second derivative of r**5/20 + r**4/2 + r**3/2 - 2*r. Let x be l(-5). Suppose -x = z - 65. Is z a composite number?
True
Suppose 2*q = 5*i + 49 - 14, -q + 10 = -i. Suppose 4*o = q*o + 1. Is o/(-2) - (-82)/4 prime?
False
Suppose -3*y + y - 6 = 0. Let m(q) = -19*q. Is m(y) prime?
False
Suppose f + 5*l = 4*f - 4252, -3*f - 5*l + 4202 = 0. Is f a prime number?
True
Let r(j) = -j**3 - 2*j + 2. Is r(-3) a prime number?
False
Let o = -95 + 153. Is o a prime number?
False
Let x(v) = -v**3 + 5*v**2 - 4*v. Let k be x(4). Let a = 730 + -480. Suppose 5*i + 35 - a = k. Is i a composite number?
False
Let q(d) = d**3 - d**2 + d. Let z(b) = 2 + 0 - b**2 - 2*b**2 - 1 + 118*b**3 + 4*b. Let g(x) = 3*q(x) - z(x). Is g(-1) a composite number?
True
Let f = -13 + -47. Let k = 26 - f. Is k composite?
True
Suppose 2*w + t = -1, 0*w - 4*w + 3*t - 7 = 0. Let u be w/(-4) + (-33)/4. Is (-2)/u + (-1147)/(-4) a composite number?
True
Let w be 12/42 - (-12)/7. Let z(k) = 4*k**2 - 4*k + 2. Is z(w) prime?
False
Let y(b) = -b - 3. Let t be y(0). Let h(a) = 45*a**2 - 2*a + 4. Is h(t) prime?
False
Let o = -181 + -91. Let m be 2 - (o - (0 - -2)). Let v = m - 191. Is v prime?
False
Is (176 - -2) + (2 - 3) a prime number?
False
Let d(g) = g**3 - 11*g**2 + 10*g + 2. Let j be d(10). Is j*3*(-40)/(-16) a prime number?
False
Let f be 1/((-10)/8)*5. Is (2/3)/(f/(-186)) a composite number?
False
Suppose -4*d + 0*d = 0. Let b = 11 - -102. Suppose 0*s - 5*s - 25 = d, 0 = -2*v + 3*s + b. Is v a composite number?
True
Let u(a) = 40*a - 3. Let b(x) = -161*x + 13. Let l = -6 + 15. Let n(w) = l*u(w) + 2*b(w). Is n(1) a prime number?
True
Let m(w) = 8*w**2 - 13*w + 7. Is m(8) a composite number?
True
Is (3 + (-4 - -2 - 0))*1361 prime?
True
Is (-246)/4*(3 - 186/18) a prime number?
False
Let h(z) = z**2 + 6*z + 2. Let k be h(-6). Is 67*3/(1 + k) a composite number?
False
Let b be (3/(-6))/((-1)/6). Suppose -b*m + 32 = v, -5*m - 20 = -v - 2*m. Is v composite?
True
Suppose 3*a + 3*f - 1749 = 0, -2*f - 2364 = -4*a + 2*f. Is a composite?
False
Let m = -74 + 135. Suppose -5*g = m - 236. Is g a prime number?
False
Let p(q) = -q**3 - q**2 - q + 103. Is p(0) composite?
False
Suppose 0*c - 4*c + 2*a = 0, -c + a = 0. Suppose -4*h - 2 = -22. Suppose c = -h*i - 2*k + 169, 61 = 2*i + k + 2*k. Is i a composite number?
True
Let h = -5 + 11. Is (-3)/h - (-446)/4 composite?
True
Let w = 4730 + -745. Is w composite?
True
Let b(x) = -x**3 - 6*x**2 + 5*x - 10. Let q be b(-7). Suppose 0 = z - q*z + 387. Is z a prime number?
False
Let h = 1348 - 795. Is h a prime number?
False
Let z = 25 - 18. Let b(d) = 2*d**2 - 7*d. Is b(z) a prime number?
False
Let v(y) = 285*y**3 + 2*y - 1. Let o be 